. Suppose 92 = 3*w + z. Is w prime?
True
Let k(y) = y**2 + 10*y - 8. Let z be k(-11). Let t be z/(12/20) + -2. Suppose m + 3*i - 253 = -0*m, -1265 = -5*m + t*i. Is m prime?
False
Let c(u) = u**2 + 0*u**2 - 18 + 11 + 4*u. Let m be c(-6). Suppose -8*x + 747 = -m*x. Is x composite?
True
Let v(y) = -9*y**3 - 11*y**2 + 20*y + 41. Is v(-13) a prime number?
False
Suppose 9*k - 242854 = 26399. Is k a composite number?
False
Suppose -5*g + 1 + 4 = 0, -5*g + 50 = 3*y. Let o = y - 10. Suppose -o*v = -4*k - 1065, -v - 2*v + 4*k = -647. Is v a composite number?
True
Suppose 0 = -4*z - 1220 - 1024. Let k be 4/12 - (-17)/3. Is -2*(z/k - -3) a prime number?
True
Suppose -5*x = -5*z - 43885 + 190, -x - 5*z = -8757. Suppose -x = -6*m - 0*m. Is m a prime number?
False
Suppose 837192 = 71*b - 335657. Is b a prime number?
True
Suppose 5*h - 10 + 0 = 0, 5*t - 983 = -4*h. Let n = -128 + t. Is n composite?
False
Let l(g) = g**2 - 8*g - 8. Let q be l(9). Is q + -1*418/(-1) prime?
True
Suppose 30*n = -13*n + 1967551. Is n composite?
False
Let p(j) = 3*j**3 - 2*j**2 + 18*j + 16. Is p(15) composite?
True
Let q(l) = -l + 7*l**3 + 5 + 13*l**2 + 13*l**3 - 19*l**3. Is q(-6) a composite number?
False
Suppose -3*n = 9, -7*k + 8*k - 1195 = -2*n. Is k a composite number?
False
Is -5 - -19443 - (4 - 25/5) composite?
True
Let t = -2 + 6. Suppose -2*s + 4*s - t = 0, -s = m - 1119. Is m a composite number?
False
Let a(w) = 8*w + 1173. Is a(43) composite?
True
Let p(o) = -165*o**3 - 3*o**2 + o + 4. Let z be p(2). Let u = 1975 + z. Is u a prime number?
False
Is -33316*4*(-8)/128 a prime number?
True
Let s(n) be the second derivative of -n**5/20 + 17*n**4/12 - n**3 - 25*n**2/2 - 14*n. Is s(14) prime?
True
Suppose 2*v = 3*i - 1966, -4*i + 1826 = -5*v - 786. Suppose 6*k + k - i = 0. Is k composite?
True
Let d = 1372 + -2968. Is (-5)/(10/d) - 15/15 prime?
True
Suppose -51*i - 2933 = -52*i. Is i a prime number?
False
Suppose 2*q + 10 = 3*q. Suppose q*v - 5*v = 1005. Is v a composite number?
True
Let q(y) = -2*y**2 - 23*y - 7. Let a be q(-11). Suppose 325 = g + a*g. Is g a prime number?
False
Let w = -31011 + 52280. Is w a prime number?
True
Is ((-23858)/(-3))/(114/171) a composite number?
True
Suppose 3*q + 0*k - 15286 = -4*k, -4*k - 20344 = -4*q. Let x = q + -2937. Is x a prime number?
True
Let d = 88 - -183. Let h = 718 - d. Is h a prime number?
False
Suppose 4*x - 2 - 10 = 0. Suppose -5*g - x*f - f = -6166, 5*f - 20 = 0. Suppose -2*w - g = -5*w + 3*r, -2*w + 4*r + 822 = 0. Is w prime?
True
Let d(h) = -h**3 + 7*h**2 + 11*h - 20. Let n be d(8). Is (n - 1)/(54/8226) a prime number?
True
Let h be 2 - (5 + 2 + -2). Let k(i) = -i**3 + 7*i**2 - 9*i + 12. Let g be k(6). Is 54 - (g + h)/3 a prime number?
False
Let b(y) = y + 9. Suppose -5*r = 2*n, 5*n + 9*r - 4*r = -15. Let m be b(n). Is 1/(3*m/6252) a prime number?
True
Let o = -8191 + 67764. Is o composite?
True
Suppose -3*g = -5*h - 5, 4*g = 3*g + h + 1. Suppose g = 4*b + 4*i - i - 508, -2*i - 508 = -4*b. Is b a prime number?
True
Let z be -1*(3 + -1)/((-6)/12). Let s(v) = 2*v + 1. Let g be s(2). Suppose -z*j + 8 = 0, g*b - 3*j - 259 = -0*j. Is b a composite number?
False
Let d = 133 + -14. Let v(m) = 5*m. Let p be v(-6). Let u = p + d. Is u composite?
False
Let k = -2 + 6. Suppose 0*g - 872 = -k*g. Suppose -g = -2*o - 3*x, o + 5*x - 329 = -2*o. Is o a prime number?
True
Suppose -14 + 17 = c. Let g(x) = 21 + x - x**2 + 4*x**3 + 2*x**c - 5*x**3. Is g(0) composite?
True
Let k(a) = -3*a - 4*a**2 + 5*a**2 + 0*a**2 + 1. Let y(j) = -5*j - 27. Let p be y(-8). Is k(p) a composite number?
False
Suppose 152477 = 18*f + 27431. Is f prime?
True
Let w be 192/36 + 2/3. Is w/21 + 11910/14 composite?
True
Is (7 - 8)/((-1)/4) - -1923 composite?
True
Let a be -4 - (0/(-5) - -302). Let g = a - -825. Is g a composite number?
True
Suppose 10 - 30 = -5*y, 0 = 3*z - 2*y - 88. Suppose 7*l + z = 3*l. Is l/(-2) + (1 - 2) a prime number?
True
Let g = -5489 + 26490. Is g prime?
True
Let n = -3592 + 5535. Is n a prime number?
False
Suppose 4*n + 0*n = 4*r, -6 = -4*n - 2*r. Let b be (0 + -17 - 3)*n. Let c = -10 - b. Is c composite?
True
Suppose 5*v - 5918 - 8577 = 0. Is v a prime number?
False
Let y(m) = 2*m**2 + 93*m - 64. Is y(37) a prime number?
False
Let g = 648 - 1926. Let t = 1985 + g. Is t prime?
False
Suppose 0 = -s - 142 - 7. Suppose 0*f - f = -214. Let y = f + s. Is y a composite number?
True
Is (-9082)/(-57)*(-42)/(-4) prime?
False
Suppose 22*j = 796850 + 38072. Is j a prime number?
True
Suppose k - 5990 = -4*p, -19*p = -3*k - 20*p + 17992. Is k a composite number?
True
Let h(m) = 769*m**2 - 10*m + 97. Is h(6) a prime number?
False
Suppose 4*b + 14968 = 36612. Is b composite?
True
Suppose 0 = 7*x + 2*x - 44883. Is x composite?
False
Let v(k) = k**2 + 18*k + 24. Let s be v(-17). Let c be (-19 + s)*8/(-3). Let a = c - -87. Is a prime?
False
Let z be 6/10 - (-12)/30. Let s(n) = 248*n**2 + n. Let y be s(z). Suppose a - 1254 = -4*d - d, d - y = -2*a. Is d a prime number?
True
Suppose 8*z = -4*w + 12*z + 6308, -w + 2*z + 1577 = 0. Is w composite?
True
Suppose -j + 233 = 37. Suppose -3*o - 433 = 4*x, 5*x + 208 + 342 = 5*o. Let s = j + x. Is s composite?
True
Let u be -10 + -3 + 15/3. Let g = -8 - u. Is g + 33 + (-4)/(-2) a prime number?
False
Let t(o) = 51*o**2 + 9*o + 16. Let q(k) = 10*k**2 + 2*k + 3. Let f(v) = 11*q(v) - 2*t(v). Is f(-4) a prime number?
True
Suppose -4645 = -5*w - 5*q, 5*w - 4*q - 906 - 3766 = 0. Suppose 3*n + w = 5*n. Is n a composite number?
True
Let f = 32 - 24. Is (-12)/f + 1489/2 a composite number?
False
Let d be (-88)/(-24) + 4/(-6). Let a be (0 - -1)*1*d. Suppose -3*g + 1122 = -a*j, 5*g = -j + 2*j + 1858. Is g a composite number?
True
Suppose -3*a + 4967 = 2*k, 5*a + 3*k - 1817 = 6462. Is a prime?
True
Suppose -9594 + 1644 = -3*r - 3*k, 5*r - k = 13226. Let s be 8/20 + r/(-15). Is (s/24)/((-4)/6) a composite number?
False
Let m(w) = -w**2 - 6*w + 2. Let n be m(-5). Suppose -192 + 801 = n*b. Is b prime?
False
Let d(o) = -o**3 + o**2 + 134. Let y(b) = b**3 + 9*b**2 - 11*b - 10. Let x be 2/(-8) + (-156)/16. Let r be y(x). Is d(r) a prime number?
False
Let l(u) be the third derivative of 0*u + 1/15*u**5 + 0 - 1/8*u**4 - 6*u**2 + 2/3*u**3. Is l(5) composite?
False
Let y = 2334 + -955. Is y prime?
False
Suppose 2*t + 60 = 8*t. Suppose -4*v = -t*v + 708. Is v composite?
True
Let c = 1209 + -514. Let h(w) = -3*w - 1. Let p be h(-2). Suppose 2*d - d = 4*s - 556, p*s = 2*d + c. Is s a prime number?
True
Let v = -2 + -3. Let u = v - -9. Suppose -632 = -2*t - c, 315 = t + u*c - 3*c. Is t prime?
True
Let u = 3260 + 1161. Is u composite?
False
Let c be (-112)/(-12) + 2/(-6). Suppose c*r - 1252 = 1763. Is r composite?
True
Suppose 0 = -3*q + l + 8, -3*q + 14 = 2*l + 3*l. Suppose 0*p = -q*p - 1182. Let a = p - -657. Is a a composite number?
False
Suppose -5*f + 75 = 10*f. Suppose -3*t + 0*o + 1938 = f*o, -2*o + 6 = 0. Is t a prime number?
True
Suppose -u - 15 = -5*f, 0 = 4*f - 5*f + 3*u + 17. Suppose -169 = -f*z + 333. Is z a composite number?
False
Let o(p) = -4*p + 47. Let k be o(11). Suppose 0 = -5*d + k*c + 10019, -3*c + 5 = -1. Is d composite?
True
Let m be (4/(-6))/(3/(-9)). Suppose 2*u - 3*u = -m. Is 217*(1 + (u - 2)) a prime number?
False
Let w = 30774 + -21187. Is w a composite number?
False
Suppose 5*g - 171253 = -28763. Is g a composite number?
True
Let l(a) = 50*a - 74. Let t be l(-8). Let g = -167 - t. Is g a prime number?
True
Let k = 803 - 434. Suppose -3*u = 9, 5*u - k - 332 = -4*s. Is s a prime number?
True
Let l = -19 - -24. Suppose l*k - 2*f = 583, -5*k + 4*f = -197 - 394. Is k composite?
True
Let t be (42/(-28))/((-2)/36). Let i = t + -23. Suppose 3*g = i*c - 1485 + 319, 2*c = -3*g + 592. Is c composite?
False
Let x = 4262 + -2475. Suppose x = 5*b - 1578. Is b a prime number?
True
Let z(k) = 10*k + 99 + 62 - 11*k. Let p(o) = o + 9. Let c be p(-9). Is z(c) composite?
True
Let z(t) = 3*t + 5. Let a be z(-5). Let y = 15 + a. Suppose -2*m = -g + 9, 4*m + y = g + 6*m. Is g a prime number?
True
Is (1/3)/((-210)/(-41242950)) a composite number?
True
Let d(g) = 3*g**2 - 2*g - 125. Is d(-28) prime?
False
Let b be (11 - 11)*2/(-6). Suppose b = 4*v, -3*s + v + 2*v - 501 = 0. Let z = 280 + s. Is z a composite number?
False
Suppose 3*i - 4*i - 1